
-15
Let v(d) = 6*d**2 + 438*d + 5205. What is v(-58)?
-15
Let z(y) = 379*y + 108344. Give z(-286).
-50
Let h(t) = -9*t**3 - 2240*t**2 + 2497*t - 752. What is h(-250)?
-2
Let j(v) = -8*v**2 + 3830*v + 20329. What is j(484)?
1
Let r(t) = -4*t**2 - 166*t - 116. Give r(-40).
124
Let r(b) = 152*b + 27832. Calculate r(-183).
16
Let f(j) = -38678*j + 116018. Give f(3).
-16
Let a(k) = -133632*k + 935782. What is a(7)?
358
Let b(i) = i**3 - 83*i**2 + 599*i - 22347. Give b(79).
10
Let b(z) = z**3 + 35*z**2 + 3237*z + 81536. What is b(-27)?
-31
Let l(o) = 18*o**2 + 856*o - 11208. Calculate l(13).
2962
Let u(b) = b**2 - 84*b + 1029. Give u(47).
-710
Let o(b) = -41*b**2 + 766*b - 3045. Give o(4).
-637
Let b(o) = -105703*o - 105953. Give b(-1).
-250
Let h(p) = p**3 - 84*p**2 - 835*p - 162. What is h(93)?
24
Let n(j) = 4974*j - 348083. Calculate n(70).
97
Let x(m) = 32118*m + 1156250. Give x(-36).
2
Let d(a) = 192*a + 10818. Give d(-56).
66
Let s(f) = -93704*f - 468525. Give s(-5).
-5
Let q(d) = 86894*d + 20593858. Give q(-237).
-20
Let f(b) = -245*b - 10863. Give f(-46).
407
Let a(k) = 42256*k + 253486. What is a(-6)?
-50
Let i(x) = 464*x - 8636. Give i(19).
180
Let c(p) = -2*p**2 - 79*p + 320. Give c(6).
-226
Let r(q) = -6*q**3 + 57*q**2 + 35*q + 36. Calculate r(10).
86
Let d(u) = 17*u**2 - 7334*u - 82735. What is d(-11)?
-4
Let d(m) = -1716*m + 7002. What is d(4)?
138
Let d(j) = 91*j**2 + 413*j + 243. Calculate d(-4).
47
Let p(f) = -186737*f - 17. Calculate p(0).
-17
Let c(m) = -m**3 + 105*m**2 - 892*m + 2529. What is c(96)?
-159
Let h(m) = 268*m**2 - 11969*m - 4055. What is h(45)?
40
Let s(g) = g**2 - 2307*g + 216370. Give s(98).
-112
Let f(n) = -196236*n + 1177426. What is f(6)?
10
Let y(r) = r**2 + 225*r + 5535. Calculate y(-28).
19
Let t(q) = 68*q**2 - 505*q + 55. Give t(8).
367
Let l(f) = -f**2 - 23146*f + 92599. Give l(4).
-1
Let y(q) = q**3 + 462*q**2 - 665*q - 307233. Determine y(-462).
-3
Let l(q) = 3289*q + 161161. Determine l(-49).
0
Let s(p) = 878*p - 178186. Determine s(203).
48
Let o(d) = d**2 - 1852*d - 134475. What is o(-70)?
65
Let l(p) = -491*p**3 + 220*p + 220. Determine l(-1).
491
Let g(o) = -o**3 - 10*o**2 - 591357*o - 4139352. What is g(-7)?
0
Let y(l) = 4*l**3 - 429*l**2 - 36347*l - 323. Calculate y(163).
3
Let n(c) = -9*c**2 + 1458*c - 8436. Calculate n(6).
-12
Let n(m) = m**3 - 8*m**2 + 1019*m - 5059. Calculate n(5).
-39
Let v(i) = 741*i - 18472. What is v(25)?
53
Let n(t) = 3*t**3 + 37*t**2 - 305*t - 3734. Determine n(-13).
-107
Let p(f) = -11*f**3 - 87*f**2 + 70*f + 505. What is p(-8)?
9
Let a(o) = -132*o**2 + 36942*o - 247335. What is a(273)?
3
Let v(l) = 3*l**3 + 284*l**2 - 656*l + 2255. Calculate v(-97).
24
Let v(l) = -309*l + 51744. What is v(168)?
-168
Let s(a) = 2*a**3 + 102*a**2 - 14*a - 1041. Calculate s(-51).
-327
Let p(u) = -u**3 - 21*u**2 - 56*u - 288. Calculate p(-12).
-912
Let u(t) = -t**3 + 248*t**2 - 2497*t + 2249. Determine u(1).
-1
Let d(j) = 2*j**3 + 56*j**2 + 72*j - 445. Calculate d(-26).
387
Let n(s) = 6780*s + 176311. Give n(-26).
31
Let z(c) = 3820*c**2 + 76404*c + 17. Give z(-20).
-63
Let v(f) = 2*f**3 - 273*f**2 + 1423*f + 2388. Calculate v(131).
30
Let r(n) = 2*n**3 + 154*n**2 + 1194*n - 171. Calculate r(-9).
99
Let i(l) = -13*l**3 - 610*l**2 + 29*l - 197. What is i(-47)?
649
Let k(p) = -2762*p - 359425. Determine k(-130).
-365
Let r(t) = -t**2 - 28*t + 288. What is r(8)?
0
Let m(n) = -939*n + 259879. Determine m(277).
-224
Let p(l) = -2*l**3 + 385*l**2 + 2185*l - 1353. What is p(198)?
33
Let z(o) = o**3 - 46*o**2 + 311*o + 10391. Calculate z(-11).
73
Let p(x) = -2*x**3 + 650*x**2 + 2630*x + 657. Give p(329).
-1
Let n(s) = -70*s**2 + 104*s - 823. Give n(6).
-2719
Let y(w) = -10*w**3 - 6*w**2 - 56826*w - 56820. Give y(-1).
10
Let f(v) = -v**3 + 16*v**2 + 126*v - 1935. What is f(14)?
221
Let l(g) = -g**2 - 9349*g - 130681. Calculate l(-14).
9
Let d(x) = x**3 - 59*x**2 + 91*x + 1196. What is d(57)?
-115
Let a(z) = z**3 - 30*z**2 + 19*z - 76. Determine a(30).
494
Let u(q) = 3168*q - 17158. Give u(5).
-1318
Let f(j) = 15*j**2 - 31*j - 35. Give f(10).
1155
Let g(c) = 763*c - 5287. Determine g(6).
-709
Let v(i) = i**2 - 36*i - 54. What is v(39)?
63
Let l(k) = -k**2 + 61378*k - 613697. Determine l(10).
-17
Let h(u) = 14710*u - 161811. Give h(11).
-1
Let b(p) = -p**2 + 9113*p + 72993. Calculate b(-8).
25
Let t(h) = h**2 + 45*h - 2874. Calculate t(33).
-300
Let r(d) = -26*d**2 - 3535*d - 6973. What is r(-2)?
-7
Let x(a) = 100*a**2 + 409*a - 823. What is x(2)?
395
Let i(y) = 58607*y - 2227078. Determine i(38).
-12
Let x(g) = g**2 - 483*g - 8182. Determine x(-17).
318
Let y(o) = o**2 - 2223*o - 2314. Calculate y(0).
-2314
Let r(l) = -l**3 - 141*l**2 - 683*l + 213. What is r(-136)?
621
Let s(o) = o**3 - 102*o**2 + 3*o - 1056. What is s(102)?
-750
Let s(o) = o**3 - 83*o**2 - 412*o + 6477. What is s(87)?
909
Let k(m) = -26*m**2 - 10578*m + 1657. Determine k(-407).
29
Let o(j) = j**3 + 20*j**2 + 75*j - 109. What is o(-7)?
3
Let u(o) = o**2 + 21661*o + 86633. Give u(-4).
5
Let w(k) = 4*k**2 + 629*k + 17564. Give w(-121).
19
Let q(t) = 567*t - 31360. What is q(54)?
-742
Let i(q) = q**3 - 2*q**2 + 2008*q + 21266. Calculate i(-10).
-14
Let i(w) = -33522*w - 201145. What is i(-6)?
-13
Let h(m) = 587*m + 31257. Give h(-55).
-1028
Let j(z) = z**3 + 97*z**2 + 223*z + 21637. Give j(-97).
6
Let w(h) = 4*h**3 - 111*h**2 - 157*h + 234. Give w(29).
-114
Let a(p) = -p**3 + 177*p**2 + 416*p - 10543. What is a(179)?
-161
Let w(y) = -136503*y**2 - 546007*y. Determine w(-4).
-20
Let l(x) = 10*x**3 - 6*x**2 + 777*x + 5757. Determine l(-7).
-3406
Let p(w) = -w**3 + 106*w + 940. What is p(-7)?
541
Let j(s) = 36*s**2 + 2199*s + 2342. Determine j(-60).
2
Let d(k) = -10*k**3 + 4751*k**2 - 469*k - 2849. Calculate d(475).
1
Let b(o) = -3*o**3 - 307*o**2 - 80*o + 2409. What is b(-102)?
165
Let m(v) = 34*v**2 + 716*v + 2321. What is m(-4)?
1
Let q(c) = -182*c**2 - 155*c - 18. Give q(0).
-18
Let h(r) = r**3 - 50*r**2 - 38*r - 301. Calculate h(51).
362
Let p(z) = -z**3 - 368*z**2 + 1331*z + 80881. Give p(-371).
3
Let a(h) = 4*h**2 + 1471*h + 125350. What is a(-134)?
60
Let r(k) = 74656*k + 373302. Determine r(-5).
22
Let m(g) = -101*g - 237. What is m(-4)?
167
Let v(w) = -4*w**2 + 517090*w - 2585344. What is v(5)?
6
Let v(x) = -1582*x + 1356. Give v(1).
-226
Let x(t) = 2*t**3 + 254*t**2 - 243*t + 1377. What is x(-128)?
-287
Let k(x) = 4*x**3 + 73*x**2 + 337*x + 99. Calculate k(-9).
63
Let c(m) = 18*m**3 + 103*m**2 + 149*m + 24. Calculate c(-2).
-6
Let i(s) = s**2 + 2180*s - 206661. What is i(91)?
0
Let n(z) = -60*z - 4213. What is n(-73)?
167
Let n(k) = -3*k**3 + 78*k**2 + 462*k + 79. Give n(31).
-14
Let c(q) = 411*q - 50357. Give c(121).
-626
Let o(h) = -h**2 + 384*h - 35857. Calculate o(221).
166
Let w(r) = -r**3 - 6*r**2 + 20*r - 11. Give w(2).
-3
Let p(d) = -61707*d - 59238719. Give p(-960).
1
Let i(s) = 29*s**2 - 407*s - 1525. Determine i(-4).
567
Let n(f) = -f**3 - 102*f**2 + 86*f - 1780. Determine n(-103).
-29
Let h(v) = -716*v + 71422. What is h(93)?
4834
Let f(d) = d**2 + 11293*d - 726848. Calculate f(64).
0
Let b(q) = -436*q**2 - 27464*q + 264. Give b(-63).
12
Let p(c) = -4271*c - 38833. Determine p(-9).
-394
Let h(z) = -21*z**3 + 103*z**2 + 109*z - 468. Give h(5).
27
Let p(h) = 75*h - 4871. What is p(66)?
79
Let h(g) = -1316*g + 7053. Give h(5).
473
Let h(x) = 308*x + 12636. Give h(-32).
2780
Let p(k) = -3462*k + 24413. Determine p(7).
179
Let u(v) = 5*v**3 + 4249*v**2 - 848*v + 1701. Determine u(-850).
1
Let m(p) = -p**3 - 34*p**2 + 3*p + 25. Calculate m(-10).
-2405
Let c(x) = -9*x**3 - 20*x**2 - 320*x - 2232. Give c(-5).
-7
Let i(u) = 2*u**2 + 1521*u - 6105. Give i(4).
11
Let t(w) = 4*w**2 - 1433*w + 27353. What is t(338)?
-25
Let q(m) = -40*m**2 + 100*m - 388. Give q(4).
-628
Let b(x) = -278*x**3 - 6117*x**2 + 39*x + 1355. Give b(-22).
13
Let u(d) = -8*d**2 - 69*d - 412. Determine u(-7).
-321
Let q(u) = -u**3 - 16*u**2 - 4744*u - 80880. What is q(-17)?
57
Let g(q) = 6*q**2 + 184*q + 96. Determine g(-31).
158
Let d(l) = -648*l - 235887. Calculate d(-364).
-15
Let d(r) = -5586*r + 1821041. What is d(326)?
5
Let t(f) = -185*f - 33580. Give t(-181).
-95
Let a(d) = 268827*d + 2150470. Calculate a(-8).
-146
Let b(v) = 956*v - 26840. Wh